{"id":1984,"date":"2023-04-05T10:41:40","date_gmt":"2023-04-05T10:41:40","guid":{"rendered":"http:\/\/sebastian-kislinger.at\/?page_id=1984"},"modified":"2023-04-07T06:27:15","modified_gmt":"2023-04-07T06:27:15","slug":"sponsoren","status":"publish","type":"page","link":"http:\/\/sebastian-kislinger.at\/?page_id=1984","title":{"rendered":"SPONSOREN"},"content":{"rendered":"\n<div class=\"wp-block-columns alignfull are-vertically-aligned-center is-layout-flex wp-container-5\">\n<div class=\"wp-block-column is-vertically-aligned-center is-layout-flow\" style=\"flex-basis:50%\">\n<div class=\"wp-block-cover is-light\" style=\"min-height:302px\"><span aria-hidden=\"true\" class=\"wp-block-cover__background has-background-dim-100 has-background-dim\" style=\"background-color:#f6f6f6\"><\/span><div class=\"wp-block-cover__inner-container\"><div class=\"wp-block-image\">\n<figure class=\"aligncenter size-large is-resized\"><img decoding=\"async\" loading=\"lazy\" src=\"http:\/\/sebastian-kislinger.at\/wp-content\/uploads\/2023\/04\/PolizeiSportLogo-1024x507.png\" alt=\"\" class=\"wp-image-2013\" width=\"254\" height=\"124\"\/><\/figure><\/div><\/div><\/div>\n<\/div>\n\n\n\n<div class=\"wp-block-column is-vertically-aligned-center is-layout-flow\" style=\"padding-top:1em;padding-right:1em;padding-bottom:1em;padding-left:1em\">\n<div class=\"wp-block-columns is-layout-flex wp-container-3\">\n<div class=\"wp-block-column is-layout-flow\" style=\"flex-basis:320px\">\n<h3 class=\"wp-block-heading\">Spitzensportf\u00f6rderung im BMI ist als duales F\u00f6rderungssystem aufgebaut und verbindet eine nachhaltige Berufsausbildung mit der M\u00f6glichkeit, Sport professionell auszu\u00fcben.<\/h3>\n\n\n\n<p class=\"has-small-font-size\" style=\"line-height:1.6\"><a href=\"https:\/\/www.bmi.gv.at\/211\/start.aspx#plattform\" data-type=\"URL\" data-id=\"https:\/\/www.bmi.gv.at\/211\/start.aspx#plattform\" target=\"_blank\" rel=\"noreferrer noopener\">POLIZEI SPORT<\/a><\/p>\n<\/div>\n<\/div>\n<\/div>\n<\/div>\n\n\n\n<div class=\"wp-block-columns alignfull are-vertically-aligned-center is-layout-flex wp-container-10\">\n<div class=\"wp-block-column is-vertically-aligned-center is-layout-flow\" style=\"flex-basis:50%\">\n<div class=\"wp-block-cover is-light\" style=\"min-height:302px\"><span aria-hidden=\"true\" class=\"wp-block-cover__background has-background-dim-100 has-background-dim\" style=\"background-color:#f6f6f6\"><\/span><div class=\"wp-block-cover__inner-container\"><div class=\"wp-block-image\">\n<figure class=\"aligncenter size-full is-resized\"><img decoding=\"async\" loading=\"lazy\" src=\"http:\/\/sebastian-kislinger.at\/wp-content\/uploads\/2023\/04\/Kessler_rgb.png\" alt=\"\" class=\"wp-image-2000\" width=\"250\" height=\"66\" srcset=\"http:\/\/sebastian-kislinger.at\/wp-content\/uploads\/2023\/04\/Kessler_rgb.png 560w, http:\/\/sebastian-kislinger.at\/wp-content\/uploads\/2023\/04\/Kessler_rgb-300x80.png 300w\" sizes=\"(max-width: 250px) 100vw, 250px\" \/><\/figure><\/div><\/div><\/div>\n<\/div>\n\n\n\n<div class=\"wp-block-column is-vertically-aligned-center is-layout-flow\" style=\"padding-top:1em;padding-right:1em;padding-bottom:1em;padding-left:1em\">\n<div class=\"wp-block-columns is-layout-flex wp-container-8\">\n<div class=\"wp-block-column is-layout-flow\" style=\"flex-basis:320px\">\n<h3 class=\"wp-block-heading\">Top Equipment ist kein Luxus. Es ist eine Notwendigkeit. Kessler ist die erfolgreichste Snowboardmarke an diversen Olympischen Spielen und Weltmeisterschaften.<\/h3>\n\n\n\n<p class=\"has-small-font-size\" style=\"line-height:1.6\"><a rel=\"noreferrer noopener\" href=\"https:\/\/www.bmi.gv.at\/211\/start.aspx#plattform\" data-type=\"URL\" data-id=\"https:\/\/www.bmi.gv.at\/211\/start.aspx#plattform\" target=\"_blank\">KESSLER<\/a><\/p>\n<\/div>\n<\/div>\n<\/div>\n<\/div>\n\n\n\n<div class=\"wp-block-columns alignfull is-layout-flex wp-container-15\">\n<div class=\"wp-block-column is-layout-flow\" style=\"flex-basis:50%\">\n<div class=\"wp-block-cover is-light\" style=\"min-height:302px\"><span aria-hidden=\"true\" class=\"wp-block-cover__background has-background-dim-100 has-background-dim\" style=\"background-color:#f6f6f6\"><\/span><div class=\"wp-block-cover__inner-container\"><div class=\"wp-block-image\">\n<figure class=\"aligncenter size-full is-resized\"><img decoding=\"async\" loading=\"lazy\" src=\"http:\/\/sebastian-kislinger.at\/wp-content\/uploads\/2012\/12\/logo200.png\" alt=\"\" class=\"wp-image-1471\" width=\"255\" height=\"98\"\/><\/figure><\/div><\/div><\/div>\n<\/div>\n\n\n\n<div class=\"wp-block-column is-vertically-aligned-center is-layout-flow\" style=\"padding-top:1em;padding-right:1em;padding-bottom:1em;padding-left:1em\">\n<div class=\"wp-block-columns is-layout-flex wp-container-13\">\n<div class=\"wp-block-column is-layout-flow\" style=\"flex-basis:320px\">\n<h3 class=\"wp-block-heading\">Inhaltsstoffe rein nat\u00fcrlicher Herkunft<br>Premium Qualit\u00e4t &amp; Verarbeitung<br>weltweite Patente &amp; Studien<\/h3>\n\n\n\n<p class=\"has-small-font-size\" style=\"line-height:1.6\"><a rel=\"noreferrer noopener\" href=\"https:\/\/www.ruskvideo.at\" data-type=\"URL\" data-id=\"https:\/\/www.ruskvideo.at\" target=\"_blank\">KR\u00c4UTERPFLASTER<\/a><\/p>\n<\/div>\n<\/div>\n<\/div>\n<\/div>\n\n\n\n<div class=\"wp-block-columns alignfull is-layout-flex wp-container-20\">\n<div class=\"wp-block-column is-layout-flow\" style=\"flex-basis:50%\">\n<div class=\"wp-block-cover is-light\" style=\"min-height:302px\"><span aria-hidden=\"true\" class=\"wp-block-cover__background has-background-dim-100 has-background-dim\" style=\"background-color:#f6f6f6\"><\/span><div class=\"wp-block-cover__inner-container\"><div class=\"wp-block-image\">\n<figure class=\"aligncenter size-full is-resized\"><img decoding=\"async\" loading=\"lazy\" src=\"http:\/\/sebastian-kislinger.at\/wp-content\/uploads\/2012\/12\/logo-2-Kopie.png\" alt=\"\" class=\"wp-image-1466\" width=\"185\" height=\"201\" srcset=\"http:\/\/sebastian-kislinger.at\/wp-content\/uploads\/2012\/12\/logo-2-Kopie.png 615w, http:\/\/sebastian-kislinger.at\/wp-content\/uploads\/2012\/12\/logo-2-Kopie-276x300.png 276w\" sizes=\"(max-width: 185px) 100vw, 185px\" \/><\/figure><\/div><\/div><\/div>\n<\/div>\n\n\n\n<div class=\"wp-block-column is-vertically-aligned-center is-layout-flow\" style=\"padding-top:1em;padding-right:1em;padding-bottom:1em;padding-left:1em\">\n<div class=\"wp-block-columns is-layout-flex wp-container-18\">\n<div class=\"wp-block-column is-layout-flow\" style=\"flex-basis:320px\">\n<h3 class=\"wp-block-heading\">Wir halten Augenblicke in beeindruckenden Bildern fest.&nbsp;<br>Mit dem Fokus auf Details und Inhalt verwandeln wir Botschaften in eine Story die im Kopf bleibt.<\/h3>\n\n\n\n<p class=\"has-small-font-size\" style=\"line-height:1.6\"><a rel=\"noreferrer noopener\" href=\"https:\/\/www.ruskvideo.at\" data-type=\"URL\" data-id=\"https:\/\/www.ruskvideo.at\" target=\"_blank\">RUSK VIDEO<\/a><\/p>\n<\/div>\n<\/div>\n<\/div>\n<\/div>\n\n\n\n<div class=\"wp-block-columns alignfull is-layout-flex wp-container-26\">\n<div class=\"wp-block-column is-layout-flow\" style=\"flex-basis:50%\">\n<div class=\"wp-block-cover is-light\" style=\"min-height:302px\"><span aria-hidden=\"true\" class=\"wp-block-cover__background has-background-dim-100 has-background-dim\" style=\"background-color:#f6f6f6\"><\/span><div class=\"wp-block-cover__inner-container\"><div class=\"wp-block-image\">\n<figure class=\"wp-duotone-000000-000000-21 aligncenter size-full is-resized\"><img decoding=\"async\" loading=\"lazy\" src=\"http:\/\/sebastian-kislinger.at\/wp-content\/uploads\/2023\/04\/LIPIZZANERTEAM.png\" alt=\"\" class=\"wp-image-2002\" width=\"211\" height=\"211\" srcset=\"http:\/\/sebastian-kislinger.at\/wp-content\/uploads\/2023\/04\/LIPIZZANERTEAM.png 614w, http:\/\/sebastian-kislinger.at\/wp-content\/uploads\/2023\/04\/LIPIZZANERTEAM-300x300.png 300w, http:\/\/sebastian-kislinger.at\/wp-content\/uploads\/2023\/04\/LIPIZZANERTEAM-150x150.png 150w, http:\/\/sebastian-kislinger.at\/wp-content\/uploads\/2023\/04\/LIPIZZANERTEAM-100x100.png 100w\" sizes=\"(max-width: 211px) 100vw, 211px\" \/><\/figure><\/div><\/div><\/div>\n<\/div>\n\n\n\n<div class=\"wp-block-column is-vertically-aligned-center is-layout-flow\" style=\"padding-top:1em;padding-right:1em;padding-bottom:1em;padding-left:1em\">\n<div class=\"wp-block-columns is-layout-flex wp-container-24\">\n<div class=\"wp-block-column is-layout-flow\" style=\"flex-basis:320px\">\n<h3 class=\"wp-block-heading\">Der Snowboardverein f\u00fcr die schnellsten Boarder der Steiermark.<\/h3>\n\n\n\n<p class=\"has-small-font-size\" style=\"line-height:1.6\"><a href=\"http:\/\/lipizzanerteam.at\" data-type=\"URL\" data-id=\"http:\/\/lipizzanerteam.at\" target=\"_blank\" rel=\"noreferrer noopener\">LIPIZZANERTEAM<\/a><\/p>\n<\/div>\n<\/div>\n<\/div>\n<\/div>\n","protected":false},"excerpt":{"rendered":"<p>Spitzensportf\u00f6rderung im BMI ist als duales F\u00f6rderungssystem aufgebaut und verbindet eine nachhaltige Berufsausbildung mit der M\u00f6glichkeit, Sport professionell auszu\u00fcben. POLIZEI SPORT Top Equipment ist kein Luxus. Es ist eine Notwendigkeit. Kessler ist die erfolgreichste Snowboardmarke an diversen Olympischen Spielen und Weltmeisterschaften. KESSLER Inhaltsstoffe rein nat\u00fcrlicher HerkunftPremium Qualit\u00e4t &amp; Verarbeitungweltweite Patente &amp; Studien KR\u00c4UTERPFLASTER Wir halten &hellip; <\/p>\n<p class=\"link-more\"><a href=\"http:\/\/sebastian-kislinger.at\/?page_id=1984\" class=\"more-link\">Continue reading<span class=\"screen-reader-text\"> &#8220;SPONSOREN&#8221;<\/span><\/a><\/p>\n","protected":false},"author":1,"featured_media":0,"parent":0,"menu_order":0,"comment_status":"closed","ping_status":"closed","template":"","meta":{"ngg_post_thumbnail":0},"_links":{"self":[{"href":"http:\/\/sebastian-kislinger.at\/index.php?rest_route=\/wp\/v2\/pages\/1984"}],"collection":[{"href":"http:\/\/sebastian-kislinger.at\/index.php?rest_route=\/wp\/v2\/pages"}],"about":[{"href":"http:\/\/sebastian-kislinger.at\/index.php?rest_route=\/wp\/v2\/types\/page"}],"author":[{"embeddable":true,"href":"http:\/\/sebastian-kislinger.at\/index.php?rest_route=\/wp\/v2\/users\/1"}],"replies":[{"embeddable":true,"href":"http:\/\/sebastian-kislinger.at\/index.php?rest_route=%2Fwp%2Fv2%2Fcomments&post=1984"}],"version-history":[{"count":9,"href":"http:\/\/sebastian-kislinger.at\/index.php?rest_route=\/wp\/v2\/pages\/1984\/revisions"}],"predecessor-version":[{"id":2016,"href":"http:\/\/sebastian-kislinger.at\/index.php?rest_route=\/wp\/v2\/pages\/1984\/revisions\/2016"}],"wp:attachment":[{"href":"http:\/\/sebastian-kislinger.at\/index.php?rest_route=%2Fwp%2Fv2%2Fmedia&parent=1984"}],"curies":[{"name":"wp","href":"https:\/\/api.w.org\/{rel}","templated":true}]}}